s = c - 4, -4*c + 3*c - 2*s + 18 = t. What is the remainder when 331 is divided by c?
9
Suppose 24*x - 34 = 14. What is the remainder when 266 is divided by (-567)/(0 - 7)*x/6?
23
Suppose 25 = -7*j + 12*j. Suppose -3*b + 4*u + 349 = 0, -u - 163 - 430 = -j*b. Calculate the remainder when b is divided by 33.
20
Let w = 9374 - 5691. Calculate the remainder when w is divided by 38.
35
Suppose -3*p + 416 = -5*r, 243*r = 4*p + 238*r - 563. Calculate the remainder when 6760 is divided by p.
145
Let w = 2667 - -2573. What is the remainder when w is divided by 1743?
11
Suppose 17*c - 19*c + 464 = -f, -f = 3*c - 701. Calculate the remainder when 5587 is divided by c.
228
What is the remainder when 70 is divided by (-33448)/(-666) - 4/18?
20
Let d = -2023 - -2324. Calculate the remainder when d is divided by 38.
35
Suppose k + 3*k - 4*p - 16 = 0, -3*p = -3. Suppose k = -l + 5. Let j = l + 51. Calculate the remainder when j is divided by 14.
9
Let u(v) = -v**3 - 3*v**2 - 7. Suppose 790*y - 246*y = 3238 + 5466. What is the remainder when u(-5) is divided by y?
11
Suppose 0 = -b - 3*b + 108. Let z = 122529 - 122478. Calculate the remainder when z is divided by b.
24
Suppose 0 = -3*f + 5*v + 455, 137 = f - v + 3*v. What is the remainder when f is divided by 54?
37
Let h(g) = -2*g**3 + 13*g**2 + 98*g + 793. What is the remainder when h(-8) is divided by 929?
7
What is the remainder when (-5*(-2)/7*14)/((-26)/(-1261)) is divided by 49?
39
Let o = -157 - -164. Suppose -5*i + 625 = 5*l, -5*i + o - 2 = 0. What is the remainder when l is divided by 42?
40
Suppose -3*y = -2876 + 77. Let g = -17965 + 18069. Calculate the remainder when y is divided by g.
101
Calculate the remainder when (13/((-26)/(-8)))/((-11)/(-22)) is divided by ((-10)/(-6))/(10/12).
0
Let t = 637 - 410. Let a be (-2)/6 + (-40)/(-12). Suppose a*n - 124 = t. What is the remainder when n is divided by 40?
37
Let q(w) = -w**3 + 4*w**2 + 7*w - 9. Let j(i) = -13*i + 44. Let c be j(3). Calculate the remainder when q(c) is divided by 1.
0
Let q = 8242 + -4866. Calculate the remainder when (q/24)/((-4)/(-6)) is divided by 13.
3
Let g(l) be the second derivative of l**4/12 - 5*l**3/3 + 40*l**2 + 98*l. Calculate the remainder when g(16) is divided by 45.
41
Let x(h) = 607*h**2. What is the remainder when x(-1) is divided by ((-104)/64)/(13/(-104))?
9
Let m(n) = -2*n**3 - 15*n**2 + 180*n + 14. What is the remainder when m(-14) is divided by 34?
8
Calculate the remainder when 1049 is divided by (15 - 420/(-3))/1.
119
Let j = 15 + 6. Let p be (174/(-9)*-3)/((-3)/9). Let h = 296 + p. Calculate the remainder when h is divided by j.
17
Suppose 0 = 2*s + 4*s - 138. Let o = 37 - s. Suppose 0 = -2*n + 62 + o. Calculate the remainder when n is divided by 20.
18
Let q = 30 + -30. Suppose -2*x + 2 = q, 0 = -r - x - 1 + 4. What is the remainder when 70 is divided by r + 15 + (-3)/(-3)?
16
Calculate the remainder when 172 is divided by -212*(552/(-32))/23.
13
Let t(g) = 154 - 68 + 73*g**3 - 74*g**3 + 35*g + 36*g**2. Suppose 3*m - 91 = -m + 5*n, -5*m + 89 = 2*n. Calculate the remainder when m is divided by t(37).
7
Calculate the remainder when (2 - (-2 - -8))*(326/(-8) - -2) is divided by 45.
20
Suppose -k - 1162 = -v - 97, 3*v = -k + 3167. Calculate the remainder when v is divided by 82.
74
Suppose -2*g - 2 = 0, 61 = -0*t + 2*t - g. Suppose 6*j = j + t. What is the remainder when 69 is divided by j?
3
What is the remainder when (-2010)/201 + 8694 + 0 is divided by 24?
20
Calculate the remainder when 2343 is divided by -2 + 40*54/45.
43
Calculate the remainder when 54 is divided by -4 - -4*(-81)/(-18).
12
Let k(c) = -c**2 + 448. What is the remainder when 50 is divided by k(20)?
2
Suppose 3*z = -3*b + 111, -5*b + 13*z + 181 = 14*z. Calculate the remainder when 170 is divided by b.
26
Let d = -492 - -839. Let c = -325 + d. What is the remainder when c is divided by 15?
7
Suppose -846 = -2*o - 4*a + 546, -2*o + 4*a = -1392. Calculate the remainder when o is divided by 29.
0
Let y be (1068/(-18))/(8/36). Let u = 277 + y. Suppose 3*m - 13 - 62 = 0. What is the remainder when m is divided by u?
5
Suppose -3*h = -15, 1118 = -4*k + h - 351. Let x = k - -379. Calculate the remainder when x is divided by 3.
1
Let u be (1 - -95)/(-2)*(-2)/4. Let d = u + -2. Let s = d + -15. Calculate the remainder when 19 is divided by s.
5
Let j(o) = 7*o - 1. Let v(d) = 6*d - 1. Let z(u) = -3*j(u) + 2*v(u). What is the remainder when 3/((-55)/60 - -1) is divided by z(-2)?
17
Let h(n) = 2*n**3 - 10*n**2 + 3*n + 6. Let k be 5*((1 - 1) + 27). What is the remainder when (6/(-5))/((-2)/k) is divided by h(5)?
18
Suppose 21 = -4*c + 41, 3*p + 3*c - 858 = 0. Suppose 16 + 40 = 4*r + 4*v, 2*r + v = 29. Calculate the remainder when p is divided by r.
11
Suppose 0 = -25*c - 26*c + 17595. Let g = c - 195. What is the remainder when g is divided by ((-10)/(-4))/(-5)*-76?
36
Calculate the remainder when 24/(600/22625) - 7*1 is divided by 75.
73
Let r be ((-18)/(-12))/(1/320). Let f = r + -454. Calculate the remainder when 179 is divided by f.
23
Let k be -3 + 14 - (-8)/8. Suppose k*n - 390 = 2*n. Calculate the remainder when 115 is divided by n.
37
Let y(t) = -116*t - 2. Suppose 0 = 21*c - 9*c - 24. Suppose 66*i = 68*i + c. Calculate the remainder when y(i) is divided by 23.
22
Suppose 16*t = 23*t - 1260. Suppose -8*k = -4*y - 4*k + 200, -t = -4*y - k. What is the remainder when 275 is divided by y?
45
Let y(o) = -o**3 - 5*o**2 + 22*o - 32. Let c(s) = -6*s - 40. Calculate the remainder when y(-9) is divided by c(-12).
30
Let p = -1593 + 2303. What is the remainder when p is divided by 60?
50
Suppose -112*n - 473 = -5513. What is the remainder when 1841 is divided by n?
41
Let i(r) = 9*r + 82. Let j be i(-10). What is the remainder when j/(-72)*9 - (-250 + 2) is divided by 23?
19
Let j(y) = -85*y + 1469. Calculate the remainder when 621 is divided by j(17).
21
Suppose c - 3*c + 2*n + 56 = 0, 0 = 5*c + 3*n - 116. Let o = 239 - 169. Let m = 83 - o. Calculate the remainder when c is divided by m.
12
Let y(a) = 4*a - 13. Suppose -2*h + j + 659 = -93, 5*h = 5*j + 1885. Calculate the remainder when h is divided by y(15).
46
Let x be (-3133)/(-143) - 4/(-44). Suppose 4*c + 11 = f, 2*f + 24*c - x*c - 22 = 0. What is the remainder when 259 is divided by f?
6
Let f = 920 + -1307. Let z = f + 391. Calculate the remainder when 26/4 - 5/(-10) is divided by z.
3
Suppose 0 = -2027*j + 2025*j + 1004. Let b(s) = s**2 + 4*s + 42. Calculate the remainder when j is divided by b(0).
40
Calculate the remainder when (-1 + -1)/(6*6/(-486)) is divided by (18/10)/((-12)/(-180)).
0
Suppose 5 = -j, 82*j = -2*g + 79*j + 645. Calculate the remainder when g is divided by 69.
54
Let b = -8446 + 8491. Calculate the remainder when 214 is divided by b.
34
Let w(i) = i**3 + 6*i**2 + i - 7. Calculate the remainder when 653 is divided by w(-3).
7
Let o be (-176)/(-6) + 28/(-21). Suppose -3*n = -4*n + o. Calculate the remainder when n is divided by 17 + (-7)/(-56)*0.
11
Let c(a) = a**2 - 110*a + 1760. Calculate the remainder when c(91) is divided by 21.
10
Suppose 32 - 54 = -11*x. Suppose 3*r - 6 - 17 = -x*g, r + 5*g - 12 = 0. Suppose 10 = -3*p + 5*p. Calculate the remainder when r is divided by p.
2
Let s = -173 + 21. Let k = s + 180. Calculate the remainder when 90 is divided by k.
6
Suppose 0*y - 3*i + 1044 = 2*y, 0 = -3*y - 4*i + 1568. Let p = y + -518. Suppose -5*l + 1 = -139. What is the remainder when l is divided by p?
8
Let u(a) = -a**3 - 13*a**2 - 15*a - 41. Let t be u(-12). Let j(i) = 2*i**2 - 13*i - 20. What is the remainder when j(t) is divided by 27?
14
Let w = 9124 + -9080. What is the remainder when 1270 is divided by w?
38
Let s be -84 + 1/(2 + -3). Let d = -55 - s. Suppose -3*k + 6 = x + 2, -5*k = -2*x + d. What is the remainder when 28 is divided by x?
8
Let v(l) = l + 8. Let r be 2 - ((-4 - -8) + -6). Suppose -r*g = 4*h - 8, -3*g + h + 1 = 3. Calculate the remainder when v(g) is divided by 8.
0
Suppose -35 - 56 = -13*g. Let i(n) = 3*n**2 - 17*n - 18. Calculate the remainder when 24 is divided by i(g).
4
Let n = 7538 + -3583. Suppose 65*t - n = 30*t. Calculate the remainder when t is divided by 44.
25
Suppose 0 = 6*c - 0 - 12. Let h(y) = -y**2 + 18*y - 22. What is the remainde